*3 + 504*c. List the prime factors of b(6).
2, 3, 5, 47
Let u(l) = -l**2 + 45. Suppose 0 = 2*c - 0*f + 5*f + 20, 5*c = 4*f + 16. Let r be u(c). Let w = r + 19. What are the prime factors of w?
2
Suppose 4*z - 7*w + 2*w = -899, 5*w + 457 = -2*z. Let t = z - -268. What are the prime factors of t?
2, 3, 7
Let x(f) = -5*f - 10. Let s be x(-2). Suppose s = -6*w + 1193 + 3049. What are the prime factors of w?
7, 101
Let x be 2/(-3)*(-3774 - (-7 - 8)). Let q = x - 934. What are the prime factors of q?
2, 3, 131
Let o(g) = -g**3 + 12*g**2 - 4*g + 6. Let u be o(11). Suppose 74*r - u*r = -7947. List the prime factors of r.
883
Suppose 7*r - 3*r = 5*k - 28, -26 = -4*k + 5*r. Let j be ((-2)/(-2) - k) + -95. Let p = j - -168. List the prime factors of p.
2, 5, 7
Let n = -19 - -55. Let k = -34 + n. Suppose 2*l - 2*m - 102 = 0, -199 = -4*l + k*m + m. What are the prime factors of l?
2, 23
Let m = -443 - -1183. Suppose 700 = 9*z - m. List the prime factors of z.
2, 5
Let x = -15 + 16. Let i be (0/2 - x)/(6/12). What are the prime factors of (0 + 2/(-4))/(i/416)?
2, 13
Let u = -42 + 38. Let r be 0/((5 + u)/1). Suppose r = 8*j - 85 - 251. What are the prime factors of j?
2, 3, 7
Let o be -4 + -3*20/(-6). Suppose 3024 = o*x + 10*x. List the prime factors of x.
3, 7
Let p be 88/6 - 2/3. Let f(r) = -4*r - 5 - r**3 + 4 + p*r**2 - 6*r + 19. What are the prime factors of f(13)?
3, 19
Suppose 83*i - 86*i - 5*d + 2780 = 0, -2770 = -3*i + 5*d. List the prime factors of i.
5, 37
Let r = 5420 + -1705. List the prime factors of r.
5, 743
Let m be ((-20)/(-6))/((-124)/9 - -14). List the prime factors of (-32 - -2)*(2260/m)/(-4).
2, 5, 113
Suppose 37*h - 48558 - 11900 = 0. List the prime factors of h.
2, 19, 43
Let p(a) be the first derivative of 2*a**3/3 - 5*a**2 + 34*a + 94. What are the prime factors of p(-11)?
2, 193
Let s(g) = -6*g - 24. Let v be s(-5). Suppose 11*l - 680 = v*l. Suppose h - l = -2*x - h, -h - 334 = -5*x. What are the prime factors of x?
67
Let f(d) = 3*d**3 + 2*d**2 - 10*d + 20. Let p be f(6). Suppose p = -0*m + 2*m. List the prime factors of m.
2, 5, 17
Suppose 3*y = -7*c + 2*c + 110407, -c + 22063 = -4*y. List the prime factors of c.
22079
Let o(p) = -p**2 - 4*p - 47. Let k be o(-5). Let r = 6 + -5. What are the prime factors of (r + k)*(-13)/39?
17
Let h be (32/10)/(-8 + (-123)/(-15)). What are the prime factors of 21*23 - h/(-4)?
487
Suppose -28*b + 33*b = 15230. List the prime factors of b/16 + (-9)/24.
2, 5, 19
Suppose -2*y - 5*j + 30979 = 0, -2*j = -4*y + 37231 + 24691. What are the prime factors of y?
2, 7741
Suppose -197 = -h + 2*i, 8*h + 0*i = -5*i + 1555. List the prime factors of h.
3, 5, 13
Let n(f) = 3017*f**2 - 532*f - 7. List the prime factors of n(5).
2, 7, 5197
Let f(w) = 3*w**2 - 4*w + 2. Let p(r) = -r**2 + r. Let o(q) = f(q) + 4*p(q). Let z be o(6). Let x = z + 74. What are the prime factors of x?
2, 5
What are the prime factors of (28188/(-42) - 6)*(43 + -50)?
2, 3, 5, 79
Suppose 6*t - 51 = -33. Suppose -t*d = -0*h + 3*h + 39, 5*d - h = -47. List the prime factors of (-1107)/(-45) - (-6)/d.
2, 3
Let i(t) = -27*t + 74. Let g be (9/18)/((-3)/(-120)*-2). What are the prime factors of i(g)?
2, 43
Let b = -9187 + 17240. List the prime factors of b.
8053
Let t = -25 + 6. What are the prime factors of (-153)/(-3) - (t - -15)?
5, 11
List the prime factors of (1055*(6 + 287/35))/(1 + 0).
71, 211
Let p = 13869 + -2897. What are the prime factors of p?
2, 13, 211
Let f(g) = 513*g**2 + 129*g + 645. What are the prime factors of f(-5)?
3, 5, 19
Let i be 2*(225/2)/3. Let s = -73 + i. Suppose -4*v - s*q = -q - 131, 5*v - 162 = -3*q. List the prime factors of v.
3, 11
Suppose 2*a - 1055 = 493. Let o = -346 + a. Suppose 4*d - o = 4. List the prime factors of d.
2, 3
Let c = -40 + 5172. What are the prime factors of c?
2, 1283
Suppose 5*a - 25 = 3*w, 2*w - 10 = -a - a. Suppose -7 = -a*d - 27. List the prime factors of -3 - (-37 + (-7 - d)).
37
Suppose 2*r = -5*p + 21091, 33*r - 29*r - 5*p = 42197. What are the prime factors of r?
2, 3, 293
Let v = -12125 + 21934. List the prime factors of v.
17, 577
Let s(i) = 8*i**2 - 5*i - 22. Let u be s(-6). Let l = u + -175. Let z = 172 - l. What are the prime factors of z?
3, 17
Suppose 0 = 2*x + 5*o + 33, 2*o - 164 + 9 = 5*x. Let m = -24 - x. List the prime factors of 261 - (-3 - (m + (-12)/3)).
5, 53
Let f = 17 + 145. Let r = f - 46. What are the prime factors of r?
2, 29
Suppose 64953 = 9*u - 104814. List the prime factors of u.
13, 1451
Suppose 657*h + 8 = 655*h, h = -4*q + 53752. What are the prime factors of q?
89, 151
Let j(w) = 157*w**3 + 3*w**2 - 5*w + 1. Let x be j(2). Let y = -659 + x. Suppose 22*o = 18*o + y. What are the prime factors of o?
2, 3, 5
Let u = -13755 - -23805. List the prime factors of u.
2, 3, 5, 67
Suppose -29*l = -27*l - 250. Let n = l + -45. Let o = n + 0. What are the prime factors of o?
2, 5
Suppose 2646 = -b - 17*b. What are the prime factors of (-2)/((-8)/198) - b/(-98)?
2, 3
Let t = 69133 + -45018. List the prime factors of t.
5, 7, 13, 53
Let o = 20408 + -3691. List the prime factors of o.
73, 229
Suppose -4*c - 776*m + 775*m = -127776, -5*c = 4*m - 159720. What are the prime factors of c?
2, 3, 11
Let t(d) = d**2 + 4*d - 9. Let b be t(-4). List the prime factors of (-148)/(-1) + b/(1 - 4).
151
Suppose -5*n + 216 = 3*s, -2*n - 3*n = -s - 208. Let b = n - 43. What are the prime factors of ((-18)/12)/(b/22)?
3, 11
Let c = -32 - -25. Let p(m) = m**3 + 7*m**2 + 2*m + 11. Let x be p(c). What are the prime factors of (-1)/(x/(-492)*-2)?
2, 41
Suppose -4*y + 2*i = i - 31518, 4*y = -2*i + 31524. List the prime factors of y.
2, 5, 197
Suppose 5*f + 4*t = -0*f + 172, 5*f - 166 = -2*t. Suppose -2*g + 3*g + f = -5*q, 20 = -3*q - g. List the prime factors of -2 - q - 3 - 0 - -1.
2
Let a = -524 - -298. Let f = 374 + a. Let r = 212 - f. List the prime factors of r.
2
What are the prime factors of (-10)/(-1)*266444/295?
2, 1129
Let h(r) = 44 + 27*r**2 + 4*r - 47*r**2 + 23*r**2. What are the prime factors of h(-10)?
2, 19
Let b(x) = 2255*x**3 - 23*x**2 + 36*x - 16. List the prime factors of b(3).
2, 5, 59, 103
Let g = 11823 - 8233. Suppose 3*o = o + 4*i + g, -5*o - 4*i = -8989. List the prime factors of o.
3, 599
Let n(g) = -161*g - 112. List the prime factors of n(-18).
2, 7, 199
Suppose -14*i = 17*i - 62. Suppose 0 = -i*k - 3*q + 1781, -2*q = k - 6*q - 885. List the prime factors of k.
7, 127
Suppose 4*v = 4*i + 248, -4*v - 5*i - 20 + 268 = 0. Let w(h) = 4 - 54*h + 2*h**2 + 5 + v*h. List the prime factors of w(-5).
19
Let c = 86 - 84. Let h(d) = 11*d**2 - 3*d - 6. Let q be h(3). Suppose 2*l = -c*a + a + q, 2*a = 3*l + 161. What are the prime factors of a?
2, 41
Let w(f) = -f + 52. Let t be w(42). Let i = t - -508. What are the prime factors of i?
2, 7, 37
Let k = -57310 - -95959. What are the prime factors of k?
3, 13, 991
Suppose -h + 3*b + 3116 = -494, -4*b + 14520 = 4*h. Suppose 5*p - 2209 = 2*g - 5*g, -3*p = -5*g + h. What are the prime factors of g?
2, 7, 13
Suppose -4480 = 5*j + 4*c, -4*c + 2666 = -3*j - 2*c. Let b = 1265 + j. List the prime factors of b.
373
Let g(h) = h**2 + h. Let a be g(-3). Let w(z) = 14*z - 24. Let l be w(a). List the prime factors of ((-21)/6)/((-2)/l).
3, 5, 7
Suppose q - 1155 = -5*p, -5*q - 5*p + 320 = -5435. What are the prime factors of q?
2, 5, 23
Let s be 12 + 6/(24/(-20)). What are the prime factors of 1774 + s/((-35)/25) + 1?
2, 3, 5, 59
List the prime factors of 8/(-2) + 1060/(-8)*(-1404)/135.
2, 3, 229
Suppose -34*p - 225 = -37*p. Suppose -3*s - m + p = 0, 2*s + 2*m + 2*m = 60. List the prime factors of s.
2, 3
Suppose 0*r = -6*r + 6108. Suppose 8*o - 351 = -d + 9*o, 4*o = -3*d + r. List the prime factors of d.
2, 173
Suppose 0 = 83*i - 80*i - 450. Let o = i + 71. What are the prime factors of o?
13, 17
Let a(i) = 10123*i**2 + 41*i + 70. What are the prime factors of a(-2)?
2, 5, 11, 23
Let x be (-11)/(-44) - 242/8. List the prime factors of x*-3*(-370)/(-45).
2, 5, 37
Suppose -1139*j + 211428 = -1132*j. What are the prime factors of j?
2, 3, 839
Let m(l) = l + 6. Let y be m(-1). Let v be -2 + y*3/((-45)/(-6)). Suppose v = 3*o - 16 - 17. What are the prime factors of o?
11
Suppose 2*r + 2*u - 3532 = 0, -3*u = -3*r + 2379 + 2925. Suppose r = 4*v + 